and v?
15
Suppose 7 + 6 = u. Let x = -8 + u. Suppose x*d = -4*q + 37 + 15, 5*q + 3*d - 78 = 0. Calculate the highest common divisor of q and 2.
2
Suppose -v + 109 = 4*b + 24, -15 = -3*v. Suppose -3*w = 5 - b. Suppose w*j + 4*r - 9 = -4, 15 = -3*r. Calculate the highest common divisor of 5 and j.
5
Let r(f) = -f**3 - 5*f**2 - 2*f + 5. Let x be r(-4). Let u be -1 + 2 + (x - -2). Suppose -24 = -3*d - u. What is the greatest common divisor of d and 32?
8
Let s be (-4)/3*27/6. Let a(c) = -c**2 - 6*c + 6. Let x be a(s). What is the greatest common divisor of x and 6?
6
Let n(r) be the second derivative of -r**5/20 + r**4 - r**3/6 + 7*r**2 + 2*r. Let w be n(12). Calculate the highest common divisor of w and 2.
2
Suppose 0 = -a - 4*a + 10. Let y(b) = b**2 + b + 1. Let m be y(a). Let p = m - -2. What is the greatest common divisor of p and 45?
9
Let g(y) = 32*y + 2. Let t be g(3). Calculate the highest common factor of 14 and t.
14
Let v be 1 - 7/(35/(-60)). What is the highest common factor of v and 13?
13
Let u = 4 + 122. Let j(v) = 11*v - 4. Let o be j(3). Suppose -o - 41 = -5*y. What is the highest common divisor of y and u?
14
Let m be (-58)/(-4)*4/2. Let f = -19 + m. What is the highest common divisor of f and 80?
10
Suppose -2*w + 37 = -w + a, 5*w + 2*a - 191 = 0. Calculate the greatest common divisor of 3 and w.
3
Let r(b) be the second derivative of b**4/12 + 2*b**2 - 3*b. Let o be r(0). Let f be (-12)/5*50/(-15). Calculate the greatest common factor of o and f.
4
Let g(c) = 6*c. Let m be g(2). Suppose 0 = 4*a + a + 15, 2*a = 4*i - 534. What is the highest common factor of i and m?
12
Let k be 4 - 2 - (11 + -1). Let s be (k/3)/(2/(-15)). Let i(z) = -16*z + 2. Let c be i(-3). Calculate the highest common factor of s and c.
10
Let a(u) = -u**3 + 2*u + 1. Let v be a(-1). Suppose v = 2*k + 3*k - 25. Let y = 125 + -70. What is the highest common factor of k and y?
5
Suppose 4*s + 5 - 9 = 0. Suppose 0 = 5*z - 2*n - 37, -21 = -4*z + 2*n + 9. Calculate the greatest common factor of s and z.
1
Let j = -15 + 22. Suppose j = -5*o + 32. What is the greatest common divisor of 5 and o?
5
Let z(v) = v**2 - 3*v + 3. Let c be z(3). Let f be -24*c*(-4)/18. What is the highest common factor of f and 40?
8
Let k(w) = 7*w + 58. Let z be k(-6). Calculate the highest common divisor of z and 144.
16
Suppose -46 = -l + 3*l. Let b = l - -33. Calculate the highest common factor of b and 70.
10
Let q(j) be the third derivative of j**5/60 - 3*j**4/8 - 5*j**3/2 - 22*j**2. Let h = 32 - 21. Let b be q(h). What is the greatest common divisor of b and 7?
7
Suppose -1545 = 8*j - 11*j. Suppose 0 = -4*f - 20, 5*t = -5*f - 0*f + j. What is the highest common factor of 12 and t?
12
Let u be 17 - (1/(-1) + 3). Suppose -17*y + 660 = -13*y. What is the greatest common factor of y and u?
15
Suppose 0 = t - u - 19, -2*t - t = 2*u - 72. Suppose b + 3*b - 8 = -2*m, m + 2 = b. Suppose 0 = -2*j - b*j + 220. What is the highest common divisor of t and j?
11
Suppose 0 = 5*o - 29 - 46. Let y be 4*(-2)/4*3. Let x = y + o. What is the greatest common divisor of 27 and x?
9
Suppose -4*o + 17 = -175. What is the greatest common divisor of 32 and o?
16
Let y = -86 + 107. Calculate the highest common divisor of y and 6.
3
Let s(a) = a**2 - 4. Let t be s(-4). Suppose 2*k - 36 = -k. Suppose 0 = -2*b + k - 0. Calculate the greatest common factor of t and b.
6
Let u = 70 + -54. Calculate the greatest common divisor of 16 and u.
16
Let r(d) = -d**3 - 7*d**2 - 6*d + 9. Let c be r(-6). Calculate the highest common factor of c and 72.
9
Let s(f) = -f**3 - 5*f**2 + 7*f + 8. Let o be s(-6). Let r be -2 + (-1)/5 + 2783/115. What is the highest common factor of o and r?
2
Let i be -1 + (-48 - -2) + -1. Let z(u) = -u**2 - 2*u. Let g be z(-4). Let w = g - i. What is the greatest common divisor of w and 16?
8
Let s be 9*3 - 1*-1. Let n = -27 + 69. Calculate the greatest common divisor of n and s.
14
Suppose -3*i + 5*k = 22, 2*k - 6 = 3*i + 1. Let h be -1 + 1 + 0/2. Let g be (2 + h - -5)/i. What is the highest common factor of 14 and g?
7
Suppose 5*o = -5, 2*h + 0*o = 2*o - 4. Let f be ((-20)/15)/(1/h). Let u = 4 - -16. Calculate the highest common factor of u and f.
4
Suppose -o = 4*k - 139, 4*o - 6*o - 142 = -4*k. Calculate the highest common divisor of k and 7.
7
Let z be ((-4)/(-10))/((-3)/(-15)). Let t be (6 - z)/(4/38). Let g = -16 + t. Calculate the highest common factor of 2 and g.
2
Suppose 225 = 5*n - n - o, -2*o - 230 = -4*n. Calculate the greatest common factor of n and 5.
5
Let w be 3/(-1 + 6/3). Suppose -w*f + 85 = 2*f. Let l be 170*((-5)/(-2) - 2). Calculate the highest common factor of l and f.
17
Suppose -y + 321 = 5*b - 0*y, -2*y = 5*b - 317. Suppose -b = -5*g - 25. What is the greatest common factor of 4 and g?
4
Let d(g) = -g + 2. Let t be d(-6). Suppose 2*i - 32 = -t. What is the greatest common factor of 96 and i?
12
Let p = 42 + 38. Suppose z + z - p = 0. Calculate the greatest common divisor of z and 10.
10
Suppose -4*x + 172 = -396. Let y = -79 + x. Calculate the highest common divisor of 9 and y.
9
Let n(q) = 5*q**3 + 5*q**2 + 5*q + 6. Let o be n(-4). Let x = 374 + o. Suppose -b + x = 4*b. What is the highest common factor of 60 and b?
12
Suppose -12 = -2*f + 24. Let z be (f/(-5) - -2)*-90. Suppose -5*x = 4*q - 64, -32 = -0*q - 2*q - 2*x. What is the greatest common divisor of z and q?
16
Suppose -4*k + 112 = -2*k. Let t = -26 - -34. Calculate the highest common factor of k and t.
8
Suppose 0 = -4*d + 62 + 50. Let y be 6/27 + d/36. Calculate the highest common factor of y and 9.
1
Suppose 4*h - 115 = 5*v + 6, -5*v = 4*h - 71. What is the greatest common factor of 96 and h?
24
Suppose 0 = 3*z - z - 3*k - 109, -2*z + 2*k = -106. Let c = -59 + 69. What is the highest common divisor of z and c?
10
Let u(h) = h. Let d be u(13). Let t(z) = -z + 65. Let x be t(0). Calculate the greatest common factor of d and x.
13
Suppose -z = 3*z + 1968. Let s = -267 - z. Suppose s = 4*n + n. Calculate the highest common factor of n and 18.
9
Suppose 5*j - 74 = -4*w, 0 = 2*j + j + w - 50. What is the greatest common divisor of j and 144?
18
Let a be 98/8 - 3/(-4). Calculate the greatest common factor of a and 39.
13
Suppose 5*o - 3 = h, 4*h + o - 49 = 2. Calculate the greatest common divisor of 4 and h.
4
Let y(h) = -h**3 + 13*h**2 + 5*h + 15. Let u be y(13). Calculate the greatest common factor of u and 10.
10
Let m = 11 - -31. Let i = 22 - 11. Let b = i - 5. Calculate the highest common factor of m and b.
6
Suppose 0 = -3*n - 4*c + 60, -4*c = n - 1 - 11. What is the highest common divisor of n and 24?
24
Let s be 4 - 1 - 0/2. Calculate the highest common factor of 3 and s.
3
Let o = -9 - -11. Suppose -5*h - 23 = -o*u, h = -4*u - u + 17. What is the highest common factor of u and 12?
4
Let s be (8/(-14))/(4/(-182)). What is the greatest common factor of 26 and s?
26
Suppose b = 0, 4*z - 145 = -z - b. Calculate the greatest common factor of 87 and z.
29
Let b(l) = -l**3 - 7*l**2 - l - 5. Let w be b(-7). Let d be (14*w)/((-2)/(-1)). Calculate the greatest common divisor of d and 126.
14
Let p(j) = -j**3 - 5*j**2 - j - 1. Suppose 0 = -d - 5 + 1. Let o be p(d). Let b be 1*(-3 - 0) - o. What is the greatest common divisor of b and 50?
10
Let z be 5 - (1 - (0 + -2)). Suppose 108 = -l + z*l. Suppose b - l = -2*b. What is the highest common divisor of b and 9?
9
Let c(x) = -3*x**2 + x**3 - 2 + 0*x**3 + 11*x**2 - 3*x + 0*x**2. Let a be c(-8). Let i be 8/(-6)*(1 + -34). Calculate the greatest common factor of i and a.
22
Let f = 2 + -6. Let h(k) = -8*k - 4. Let w be h(f). Let m be (32/(-20))/(4/(-10)). Calculate the greatest common factor of m and w.
4
Suppose -3*m = 0, -5*f = -3*f + 3*m. Suppose -h + 2 + 0 = f. What is the greatest common factor of h and 22?
2
Let d(i) = -5*i - 25. Let j be d(-9). Suppose 4 = -4*s + 24. Calculate the greatest common factor of s and j.
5
Suppose 2*o - 2 = 3*o. Let r be (9/o)/((-1)/2). Let w(x) = -x**3 + 5*x**2 + 7*x + 1. Let a be w(5). What is the highest common divisor of r and a?
9
Suppose -2*u + 3*v - 13 = 0, 4*u - 14 = 5*u - 4*v. Let x be (-1)/(26/14 + u). What is the greatest common divisor of 77 and x?
7
Suppose 38 + 34 = 4*u. Suppose -3*n - u = 42. Let y = -14 - n. What is t